05
Let w(y) = -5750*y + 201268. What is w(35)?
18
Let o(p) = -3515*p - 1185. Calculate o(-1).
2330
Let h(v) = -2*v**3 + 38*v**2 - 88*v + 522. Determine h(17).
182
Let c(p) = p**3 + 20*p**2 + 10580*p + 222610. What is c(-21)?
-11
Let i(b) = -b**3 + 103*b**2 - 1700*b - 1821. Give i(82).
-17
Let o(y) = -12*y**2 - 161*y + 223. What is o(-19)?
-1050
Let q(d) = -1911*d - 6678. Determine q(-4).
966
Let l(j) = -11960*j - 251198. Give l(-21).
-38
Let k(q) = q**2 + 226*q - 8609. Calculate k(-259).
-62
Let p(u) = u**2 + 34*u + 295. Calculate p(-16).
7
Let a(q) = -49*q**3 - 4*q**2 - 30*q + 62. Determine a(2).
-406
Let m(g) = -5989*g + 1305605. Give m(218).
3
Let b(n) = n**3 + 903*n**2 - 2192*n - 1164384. Give b(-904).
-32
Let v(o) = -2*o**3 + 4*o**2 + 17*o + 81. Give v(6).
-105
Let j(z) = -z**3 - 10*z**2 + 1357*z + 16516. Calculate j(-12).
520
Let l(j) = 37*j - 1181. What is l(11)?
-774
Let y(v) = 2*v**2 - 1255*v + 68084. What is y(60)?
-16
Let l(s) = 5*s**3 - 114*s**2 - 18*s - 131. Give l(23).
-16
Let i(x) = 6608*x + 13217. What is i(-2)?
1
Let n(x) = x**2 + 2469*x + 63309. What is n(-26)?
-209
Let j(s) = -11*s**3 + 606*s**2 - 2298*s - 142. Give j(51).
-295
Let d(j) = 192*j**2 - 2744*j + 59. Determine d(12).
-5221
Let f(r) = -r**3 - 24*r**2 + 106*r + 1531. Calculate f(-26).
127
Let r(b) = -50858*b + 305141. What is r(6)?
-7
Let c(b) = 16*b + 1925. What is c(48)?
2693
Let z(t) = t**3 - 23*t**2 - 219*t - 898. Determine z(31).
1
Let n(f) = 788*f - 71724. Determine n(91).
-16
Let t(f) = 2*f**3 - 218*f**2 + 477*f - 5267. What is t(107)?
-24
Let d(b) = 5154*b + 2211062. What is d(-429)?
-4
Let o(j) = j**3 - 87*j**2 + 151*j + 1716. Calculate o(85).
101
Let n(k) = 2*k**2 - 138*k + 743. Calculate n(5).
103
Let a(b) = 2*b**2 + 303*b - 40826. Give a(86).
24
Let n(g) = -g**2 - 333*g - 2544. What is n(-8)?
56
Let x(m) = 14437*m - 476477. Determine x(33).
-56
Let h(a) = -464*a + 1552. What is h(5)?
-768
Let l(s) = -1344*s + 104832. Determine l(78).
0
Let b(x) = 2*x**2 + 923*x + 64368. Give b(-376).
72
Let s(q) = -22430*q + 21061777. What is s(939)?
7
Let a(v) = -221*v**2 + 106303*v - 963. Give a(481).
-1
Let s(r) = 2414*r + 12053. Calculate s(-5).
-17
Let u(q) = 427829*q - 427827. Determine u(1).
2
Let t(v) = -4*v**2 - 738*v - 21200. What is t(-148)?
408
Let o(a) = 189*a + 206. Give o(-4).
-550
Let u(i) = i**3 - 8*i**2 + 5468*i - 16355. Calculate u(3).
4
Let x(v) = v**2 - 7386*v - 4. Calculate x(0).
-4
Let n(p) = -p**3 - 14*p**2 + 74*p + 1147. Give n(-10).
7
Let b(o) = 2251*o + 56022. Give b(-24).
1998
Let a(o) = -116033*o - 696191. What is a(-6)?
7
Let x(g) = -24*g**2 + 186*g - 10. What is x(10)?
-550
Let f(t) = t**2 + 13*t - 8532. What is f(-99)?
-18
Let i(t) = 6026*t + 970180. Determine i(-161).
-6
Let f(l) = -3998*l - 263871. Determine f(-66).
-3
Let g(r) = 244*r + 4176. Give g(-18).
-216
Let b(z) = -z**3 - 38*z**2 - 351*z - 19450. Give b(-41).
-16
Let x(m) = -m**3 + 10*m**2 - 252*m + 7893. Give x(19).
-144
Let c(m) = -3*m**2 - 110*m - 943. Give c(-23).
0
Let b(g) = -20*g**2 + 372*g + 372. What is b(-1)?
-20
Let x(c) = -25*c**2 + 401*c - 598. Determine x(15).
-208
Let o(n) = 625*n - 57460. Give o(90).
-1210
Let p(w) = -9299*w - 576545. What is p(-62)?
-7
Let m(k) = 13*k**3 - 465*k**2 - 172*k + 2264. Calculate m(36).
-40
Let r(q) = 94*q**2 - 1027*q + 201. What is r(11)?
278
Let k(j) = 116*j**2 - 4310*j + 4791. Give k(36).
-33
Let o(x) = 414*x + 17853. What is o(-43)?
51
Let h(f) = 16*f**2 + 657*f - 587. Determine h(-43).
746
Let d(h) = 87*h**2 + 397*h - 10635. Calculate d(9).
-15
Let c(x) = 8*x**3 - 5203*x**2 + 17469*x - 9. Give c(647).
-9
Let m(v) = -18*v**2 - 1859*v + 1. Determine m(0).
1
Let p(n) = n**2 - 3819*n - 61349. Calculate p(-16).
11
Let z(b) = 8701*b - 783124. Determine z(90).
-34
Let j(a) = -3307*a - 39678. Give j(-12).
6
Let c(g) = 4243*g + 1366275. What is c(-322)?
29
Let i(a) = a**3 - 10*a**2 - 37*a + 46. Calculate i(16).
990
Let a(s) = -2*s**2 + 1410*s - 20720. Determine a(15).
-20
Let l(v) = -2403*v + 43253. Determine l(18).
-1
Let i(z) = 68782*z - 8047493. Determine i(117).
1
Let w(a) = -88*a**2 - 666*a + 1991. Calculate w(3).
-799
Let w(m) = -3*m**2 + 21*m - 184. Give w(-11).
-778
Let w(t) = -2*t**3 - 92*t**2 - 1000*t - 180. Determine w(-29).
226
Let z(o) = -2*o**3 - 56*o**2 + 157*o + 69. Determine z(3).
-18
Let g(b) = -b**3 - 20*b**2 - 2598*b - 68052. Determine g(-25).
23
Let v(l) = 1336*l + 1298. What is v(-2)?
-1374
Let w(l) = -l**3 + 73*l**2 + 9799*l + 75. Determine w(-69).
6
Let b(u) = 4*u**3 + 777*u**2 + 170*u - 4647. What is b(-194)?
9
Let g(p) = -p**3 - 57*p**2 + 947*p + 56496. Calculate g(-56).
328
Let u(t) = -2742*t + 21830. Calculate u(8).
-106
Let y(c) = 14*c**2 - 586*c - 24892. Calculate y(-26).
-192
Let x(j) = 2*j**3 - 180*j**2 + 6*j - 478. What is x(90)?
62
Let q(y) = 10*y**3 - 128*y**2 + 247*y + 8. What is q(2)?
70
Let n(l) = -6112*l - 97704. Give n(-16).
88
Let v(n) = 590*n + 6522. Give v(-11).
32
Let q(h) = -24*h**3 - 6652*h**2 - 1107*h + 268. Calculate q(-277).
-9
Let i(q) = -1405*q + 2128. Calculate i(0).
2128
Let a(z) = 2*z**2 + 3404*z + 40383. Calculate a(-12).
-177
Let j(i) = -i**3 + 407*i**2 + 2085*i - 10269. Determine j(412).
31
Let j(d) = 541*d + 9545. Give j(-24).
-3439
Let z(w) = -62*w**2 - 8247*w - 76. Give z(-133).
57
Let r(o) = 2*o**3 + 21*o**2 + 543*o + 9346. Determine r(-16).
-2158
Let v(a) = 2*a**2 + 10620*a - 170195. Give v(16).
237
Let f(p) = -2*p**3 + 17*p**2 + 236*p - 1942. Give f(8).
10
Let c(r) = 2*r**2 - 705*r + 37612. Give c(287).
15
Let y(f) = 2*f**2 - 488*f + 25446. Determine y(80).
-794
Let x(m) = 2*m**3 - 105*m**2 + 4374*m - 224753. Determine x(52).
-9
Let w(o) = -o**2 - 8335*o - 15995636. Determine w(-2996).
8
Let c(b) = 3*b**2 - 90*b + 1414. Give c(12).
766
Let a(q) = 573*q**2 + 15245*q - 6068. Calculate a(-27).
34
Let d(h) = 17*h - 2023. What is d(75)?
-748
Let t(i) = 25202*i - 100304. Calculate t(4).
504
Let d(k) = 14*k**2 - 69*k + 449. Calculate d(6).
539
Let t(y) = -y**3 + 220*y**2 + 176*y + 6860. Calculate t(221).
-3085
Let d(n) = 3*n**3 - 74*n**2 - 52*n - 11. Determine d(25).
-686
Let x(q) = 3*q**3 + 12*q**2 - 162*q - 506. What is x(-3)?
7
Let c(w) = 6*w**2 - 410*w + 2232. Calculate c(6).
-12
Let i(q) = q**2 - 1048*q + 87889. What is i(92)?
-63
Let x(l) = -211*l - 10436. What is x(-50)?
114
Let f(a) = -2*a**3 + 277*a**2 - 941*a - 474. What is f(135)?
66
Let t(c) = 116*c**3 - 88*c**2 - 176*c + 3. Give t(-2).
-925
Let a(m) = -40*m**2 - 345*m - 6. Calculate a(-12).
-1626
Let d(k) = 4*k**2 - 1658*k - 41995. Calculate d(-25).
1955
Let a(y) = -17238*y - 620539. What is a(-36)?
29
Let h(j) = -6*j**3 + 1175*j**2 + 2562*j + 2328. Determine h(198).
-48
Let a(y) = -7312*y + 44154. Give a(6).
282
Let m(a) = -1341*a + 88380. Determine m(66).
-126
Let v(x) = 699*x - 467. Calculate v(2).
931
Let i(q) = -58*q**3 - 8*q**2 - 4575*q + 4580. Calculate i(1).
-61
Let d(p) = -887*p + 127732. What is d(144)?
4
Let y(n) = -2*n**2 + 3078*n - 36648. Determine y(12).
0
Let k(t) = -197*t - 4701. Calculate k(-24).
27
Let m(b) = -455*b - 76483. Give m(-168).
-43
Let r(c) = 2*c**3 + 90*c**2 - 1425*c + 42341. Determine r(-62).
-5
Let m(f) = 98592*f - 197188. What is m(2)?
-4
Let n(o) = -6*o**3 + 41*o**2 + 16. Determine n(7).
-33
Let s(h) = 2670*h - 43133. What is s(16)?
-413
Let f(c) = 1005*c - 77086. What is f(77)?
299
Let d(n) = -22*n**3 - 8535*n**2 + 389*n + 641. Determine d(-388).
253
Let z(i) = -i**2 - 39*i + 5575. Give z(58).
-51
Let k(b) = 1197*b + 138161. What is k(-116)?
-691
Let r(u) = -u**3 + 10*u**2 - 38*u + 207. What is r(12)?
-537
Let m(y) = 10*y**3 + y**2 - 227*y - 870. Calculate m(-4).
-586
Let a(n) = -93*n**2 + 64244*n + 13132. Calculate a(691).
3
Let t(u) = -u**3 - 600*u**2 - 19782*u - 153. What is t(-35)?
92
Let i(d) = -d**3 + 3*d**2 - 1134*d - 4556. Determine i(-4).
92
Let d(m) = m**3 - 880*m**2 + 395*m + 3. What is d(0)?
3
Let i(c) = 222811*c - 1337043. Determine i(6).
-177
Let b(h) = 145*h**3 + 2318*h**2 + 1788*h + 29121. Determine b(-16).
1
Let d(l) = -5*l**3 + 216*l**2 + 72*l - 4936. Give d(43).
9
Let c(r) = 29745*r - 178451. Determine c(6).
19
Let n(w) = w**3 - 70*w + 202. Calculate n(-11).
-359
Let b(n) = 171*n**2 + 953*n - 1747. What is b(-7)?
-39
Let w(c) = -63511*c + 127019. Calculate w(2).
